6882027
In base 8, what is -477 - 1066756?
-1067455
In base 4, what is 10310020113 + 11212?
10310031331
In base 3, what is 10210202210 - 1021122?
10202111011
In base 13, what is a177b1 + -1?
a177b0
In base 15, what is 9ea1 + 1?
9ea2
In base 2, what is -10111000011 - 100101010011?
-111100010110
In base 8, what is 21166555 - -3?
21166560
In base 8, what is -26354366 - 0?
-26354366
In base 13, what is b12 - 1c4?
91b
In base 2, what is -10 + 1001100100011111000011100101?
1001100100011111000011100011
In base 9, what is 2666803 - -51?
2666854
In base 11, what is -94168909 + 5?
-94168904
In base 14, what is -18 - 58acc4?
-58acdc
In base 9, what is 5 - -2843423?
2843428
In base 13, what is -26a66 - 1c?
-26a85
In base 14, what is -6 + 453281?
453279
In base 7, what is 1350341 + -204?
1350134
In base 6, what is 12334444010 - -10?
12334444020
In base 3, what is 102112101112 + -2110?
102112022002
In base 9, what is 1 + 22430701?
22430702
In base 16, what is -27e1d6 + -d?
-27e1e3
In base 9, what is -1341163 - -3?
-1341160
In base 8, what is 277426 + -232?
277174
In base 9, what is -44208402 + 4?
-44208387
In base 10, what is -18430 - 5040?
-23470
In base 6, what is -22024201 - -103?
-22024054
In base 11, what is -505126 - -847?
-50438a
In base 4, what is -11 + 12130331313?
12130331302
In base 16, what is 14f0dd + a?
14f0e7
In base 6, what is -441132 - 144?
-441320
In base 12, what is -a40 + 9bb8?
9178
In base 9, what is 54 + -8620034?
-8618870
In base 10, what is 67643515 - 2?
67643513
In base 2, what is 1100101011001 - -1001001000000?
10101110011001
In base 3, what is 1120002101022 - -12002?
1120002120101
In base 2, what is 1111111000101100001001111100 + 100?
1111111000101100001010000000
In base 7, what is 4 - 1033630012?
-1033630005
In base 13, what is -127959 - 27?
-127983
In base 3, what is 101000 - 120002221121?
-120002120121
In base 3, what is 2202012202 - 2221112?
2122021020
In base 8, what is -2142332 - -104?
-2142226
In base 4, what is 1020330233 + -2211?
1020322022
In base 10, what is 25 - -1850786?
1850811
In base 9, what is 6 - -12611208?
12611215
In base 6, what is 30035 + 535204?
1005243
In base 10, what is 7985069 + -28?
7985041
In base 12, what is 3 - 2992a304?
-2992a301
In base 10, what is 539743230 - 2?
539743228
In base 4, what is 2333211 + -1302113?
1031032
In base 7, what is -3 + 1413340421?
1413340415
In base 12, what is -942a39 + 1?
-942a38
In base 15, what is -b + 10cbed6?
10cbeca
In base 2, what is 11001001001101011 + 1110000000011?
11010111001101110
In base 2, what is 101111000 + -10110000011101011011?
-10110000010111100011
In base 2, what is -1110 - -1100001010000010110?
1100001010000001000
In base 5, what is 33033010033 + -2?
33033010031
In base 15, what is -51 + -54966?
-549b7
In base 11, what is 13375 + -626?
1284a
In base 6, what is -133 - 2501421?
-2501554
In base 13, what is 1 + a73622?
a73623
In base 11, what is -2075037 + 64?
-2074a83
In base 8, what is 2 - 32074311?
-32074307
In base 14, what is 266bd4b - -1?
266bd4c
In base 7, what is 25404 - 1316?
24055
In base 6, what is -5 + -104111032?
-104111041
In base 12, what is -4 + 102a30a1?
102a3099
In base 2, what is 10000111010001101110001000000 + 10?
10000111010001101110001000010
In base 9, what is 302516 - 867?
301538
In base 16, what is -9a31ad + -9?
-9a31b6
In base 8, what is 610 + 33302?
34112
In base 15, what is -800 + -8a78?
-9378
In base 14, what is -d365 - -10?
-d355
In base 6, what is -314 - 21104435?
-21105153
In base 3, what is 2 + -112211220010?
-112211220001
In base 15, what is 405 + 1ec034?
1ec439
In base 2, what is 110011111101111011 - -101100101001?
110100101010100100
In base 16, what is -7f14 + ea9?
-706b
In base 8, what is 1203167 + -7?
1203160
In base 7, what is -1063504020 - -2?
-1063504015
In base 8, what is -1 + -45613202?
-45613203
In base 9, what is -24888 - -550?
-24338
In base 7, what is 1536456 - -100?
1536556
In base 12, what is -4a + 137bb?
13771
In base 6, what is -52203434 + 12?
-52203422
In base 11, what is 342a7a7 + -6?
342a7a1
In base 16, what is -3494 + -425?
-38b9
In base 8, what is -22 + 1521435?
1521413
In base 8, what is 121553 + -257?
121274
In base 14, what is 3ab3d - -31?
3ab70
In base 6, what is 334522 + 421?
335343
In base 8, what is -12111602 + -50?
-12111652
In base 4, what is -10130202110 - -3222?
-10130132222
In base 6, what is -5015402 - -14521?
-5000441
In base 13, what is -4 - 22cc0?
-22cc4
In base 13, what is -1bb4b42 - 35?
-1bb4b77
In base 11, what is -828a411 - -4?
-828a408
In base 4, what is -23231100 + 11121?
-23213313
In base 14, what is 108d9 - -39?
10934
In base 8, what is 2377546 - 6?
2377540
In base 6, what is -544244 - -420?
-543424
In base 3, what is -1011210012012201 + 10?
-1011210012012121
In base 3, what is -10 + 2201201020211011?
2201201020211001
In base 9, what is -207 + 84636?
84428
In base 7, what is -4 - 110505226?
-110505233
In base 12, what is 12 + -13746?
-13734
In base 16, what is -b3 - -153198?
1530e5
In base 9, what is -5 - -73806621?
73806615
In base 16, what is -90f937 + -7?
-90f93e
In base 6, what is 2 + 3134221453?
3134221455
In base 7, what is -5326031110 - 5?
-5326031115
In base 14, what is -2 - -da168a?
da1688
In base 14, what is -2a - 2b223?
-2b24d
In base 12, what is 10801931 - 3?
1080192a
In base 10, what is -307730 + 3?
-307727
In base 8, what is 0 + 1252074262?
1252074262
In base 15, what is 15ad1a08 + 2?
15ad1a0a
In base 11, what is -14a154 + 159?
-149aa6
In base 2, what is -11101 + -111001110001110001?
-111001110010001110
In base 4, what is -121302 + -121220?
-303122
In base 5, what is -10 + 310231420?
310231410
In base 12, what is -523955 + -4?
-523959
In base 4, what is -30 + 202023030?
202023000
In base 5, what is -4431 + 103334140?
103324204
In base 14, what is -9 - 163c9d2?
-163c9db
In base 7, what is -1 + 66122005?
66122004
In base 13, what is -4 + 199ca6b?
199ca67
In base 14, what is 4 + -4d46b86?
-4d46b82
In base 10, what is 55435 - 242?
55193
In base 13, what is -1589 - b4b?
-2407
In base 8, what is -5 + -6334034?
-6334041
In base 14, what is -2a445 - -d8?
-2a34b
In base 13, what is -20304cb - 0?
-20304cb
In base 16, what is -db - -1552a?
1544f
In base 4, what is 31030013 - -2232?
31032311
In base 14, what is 18 - -9a839?
9a853
In base 11, what is -2 - 153508a41?
-153508a43
In base 13, what is 184c4 + 2b?
18522
In base 3, what is 10122012210 - 21?
10122012112
In base 13, what is -1745c9b7 - 4?
-1745c9bb
In base 10, what is -1179 - 115408?
-116587
In base 11, what is -26558 + 44?
-26514
In base 13, what is 313b6 + 14?
313ca
In base 12, what is -19132 - -1532?
-17800
In base 10, what is 81073 - 5237?
75836
In base 4, what is 11 + 231110220113?
231110220130
In base 10, what is -391224 - 16?
-391240
In base 3, what is -2 + -12100221010121122?
-12100221010121201
In base 6, what is 3 + 2501443500?
2501443503
In base 5, what is -2043 - 413331?
-420424
In base 12, what is -5a09917 - 0?
-5a09917
In base 16, what is 11022 + 8?
1102a
In base 6, what is -1025410 + -51021?
-1120431
In base 4, what is 12210 - 32011211323?
-32011133113
In base 5, what is -1142133420101 + -3?
-1142133420104
In base 16, what is -84b9c - 1?
-84b9d
In base 5, what is -111012 - -334224?
223212
In base 8, what is -3 + -26712402?
-26712405
In base 12, what is 3 - -26883050?
26883053
In base 16, what is -85db7 + cf?
-85ce8
In base 10, what is 7 - 1855322?
-1855315
In base 5, what is 23 + -3140010030?
-3140010002
In base 15, what is 155895 - -5c?
155902
In base 9, what is 10522042 + -5?
10522036
In base 8, what is -207265 - -6163?
-201102
In base 11, what is -20026 - -869?
-1a268
In base 8, what is 11565 - -16562?
30347
In base 5, what is -10312114200 - -4?
-10312114141
In base 14, what is 316 - 77837?
-77521
In base 6, what is 13 - -2205115441?
2205115454
In base 7, what is -162545 - 223?
-163101
In base 11, what is -4 - -1a7225943?
1a722593a
In base 8, what is -2240 + 102361?
100121
In base 11, what is 703649 + 14?
703662
In base 14, what is 18d - 948?
-799
In base 13, what is -158821 + -49?
-15886a
In base 9, what is -5386527 - -2?
-5386525
In base 2, what is -1011010001101011001111010001 - -101?
-1011010001101011001111001100
In base 13, what is b72c - 3c92?
776a
In base 7, what is 26550263 - -212?
26550505